?
5
What is the units digit of 1722?
2
What is the ten thousands digit of 71076?
7
What is the tens digit of 1266?
6
What is the units digit of 2234?
4
What is the ten thousands digit of 31669?
3
What is the hundreds digit of 82783?
7
What is the hundreds digit of 138?
1
What is the tens digit of 28277?
7
What is the units digit of 2769?
9
What is the thousands digit of 15209?
5
What is the tens digit of 304?
0
What is the hundreds digit of 1293?
2
What is the hundreds digit of 14198?
1
What is the units digit of 2926?
6
What is the thousands digit of 11467?
1
What is the tens digit of 10621?
2
What is the tens digit of 115512?
1
What is the units digit of 77096?
6
What is the hundreds digit of 1483?
4
What is the hundreds digit of 522?
5
What is the thousands digit of 36347?
6
What is the tens digit of 3808?
0
What is the hundreds digit of 994?
9
What is the hundreds digit of 10500?
5
What is the hundreds digit of 20546?
5
What is the thousands digit of 1270?
1
What is the tens digit of 33221?
2
What is the ten thousands digit of 51838?
5
What is the tens digit of 478?
7
What is the tens digit of 2040?
4
What is the thousands digit of 178512?
8
What is the units digit of 23734?
4
What is the hundreds digit of 837?
8
What is the hundreds digit of 63807?
8
What is the thousands digit of 2741?
2
What is the tens digit of 818?
1
What is the units digit of 2185?
5
What is the ten thousands digit of 76251?
7
What is the hundreds digit of 8213?
2
What is the thousands digit of 2505?
2
What is the hundreds digit of 4458?
4
What is the thousands digit of 20151?
0
What is the tens digit of 3884?
8
What is the hundreds digit of 37438?
4
What is the thousands digit of 7347?
7
What is the tens digit of 607?
0
What is the thousands digit of 4917?
4
What is the thousands digit of 50112?
0
What is the ten thousands digit of 100716?
0
What is the units digit of 756?
6
What is the tens digit of 56425?
2
What is the thousands digit of 17501?
7
What is the hundreds digit of 10185?
1
What is the tens digit of 1043?
4
What is the thousands digit of 2431?
2
What is the thousands digit of 21195?
1
What is the hundreds digit of 2637?
6
What is the tens digit of 1083?
8
What is the units digit of 5988?
8
What is the thousands digit of 29186?
9
What is the thousands digit of 6163?
6
What is the hundreds digit of 43732?
7
What is the units digit of 456?
6
What is the ten thousands digit of 132144?
3
What is the thousands digit of 6517?
6
What is the thousands digit of 4317?
4
What is the units digit of 6931?
1
What is the hundreds digit of 494?
4
What is the tens digit of 1114?
1
What is the thousands digit of 5244?
5
What is the units digit of 2490?
0
What is the units digit of 1298?
8
What is the tens digit of 37950?
5
What is the tens digit of 6154?
5
What is the units digit of 1605?
5
What is the tens digit of 6325?
2
What is the tens digit of 8714?
1
What is the tens digit of 5282?
8
What is the units digit of 1761?
1
What is the hundreds digit of 7659?
6
What is the hundreds digit of 154134?
1
What is the units digit of 1157?
7
What is the tens digit of 60?
6
What is the thousands digit of 11250?
1
What is the units digit of 633?
3
What is the thousands digit of 72325?
2
What is the hundreds digit of 2937?
9
What is the hundreds digit of 2015?
0
What is the ten thousands digit of 14982?
1
What is the ten thousands digit of 15258?
1
What is the units digit of 10006?
6
What is the thousands digit of 16086?
6
What is the tens digit of 15333?
3
What is the hundreds digit of 727?
7
What is the hundreds digit of 1551?
5
What is the units digit of 1282?
2
What is the units digit of 309?
9
What is the ten thousands digit of 16831?
1
What is the thousands digit of 7822?
7
What is the units digit of 32524?
4
What is the tens digit of 32165?
6
What is the ten thousands digit of 14110?
1
What is the ten thousands digit of 23987?
2
What is the thousands digit of 9755?
9
What is the units digit of 494?
4
What is the units digit of 281?
1
What is the ten thousands digit of 28894?
2
What is the hundreds digit of 3887?
8
What is the tens digit of 7647?
4
What is the tens digit of 44?
4
What is the ten thousands digit of 71525?
7
What is the hundreds digit of 14708?
7
What is the units digit of 3633?
3
What is the units digit of 68?
8
What is the units digit of 25405?
5
What is the units digit of 6656?
6
What is the tens digit of 62744?
4
What is the hundreds digit of 40820?
8
What is the ten thousands digit of 10476?
1
What is the thousands digit of 2081?
2
What is the hundreds digit of 2363?
3
What is the hundreds digit of 156496?
4
What is the tens digit of 25509?
0
What is the ten thousands digit of 35101?
3
What is the hundreds digit of 942?
9
What is the tens digit of 2919?
1
What is the thousands digit of 3164?
3
What is the tens digit of 224?
2
What is the units digit of 2199?
9
What is the units digit of 38898?
8
What is the tens digit of 5583?
8
What is the hundreds digit of 8119?
1
What is the tens digit of 341?
4
What is the ten thousands digit of 28053?
2
What is the thousands digit of 1089?
1
What is the tens digit of 1371?
7
What is the tens digit of 86474?
7
What is the units digit of 1730?
0
What is the hundreds digit of 12764?
7
What is the ten thousands digit of 26161?
2
What is the tens digit of 599?
9
What is the units digit of 28610?
0
What is the tens digit of 1175?
7
What is the hundreds digit of 1012?
0
What is the ten thousands digit of 42247?
4
What is the thousands digit of 11328?
1
What is the units digit of 20887?
7
What is the hundreds digit of 184?
1
What is the tens digit of 1216?
1
What is the thousands digit of 49832?
9
What is the thousands digit of 32338?
2
What is the thousands digit of 9697?
9
What is the thousands digit of 3452?
3
What is the tens digit of 559?
5
What is the hundreds digit of 15133?
1
What is the hundreds digit of 19311?
3
What is the hundreds digit of 21581?
5
What is the hundreds digit of 7438?
4
What is the units digit of 41511?
1
What is the thousands digit of 1248?
1
What is the units digit of 8349?
9
What is the hundreds digit of 2386?
3
What is the units digit of 113752?
2
What is the hundreds digit of 7155?
1
What is the hundreds digit of 19921?
9
What is the hundreds digit of 7829?
8
What is the units digit of 3956?
6
What is the units digit of 6092?
2
What is the hundreds digit of 737?
7
What is the hundreds digit of 23610?
6
What is the units digit of 2408?
8
What is the hundreds digit of 733?
7
What is the thousands digit of 9975?
9
What is the thousands digit of 37381?
7
What is the tens digit of 103958?
5
What is the hundreds digit of 31089?
0
What is the units digit of 123?
3
What is the hundreds digit of 2253?
2
What is the thousands digit of 130584?
0
What is the hundreds digit of 1386?
3
What is the thousands digit of 4144?
4
What is the tens digit of 2646?
4
What is the hundreds digit of 34906?
9
What is the thousands digit of 12057?
2
What is the tens digit of 1295?
9
What is the tens digit of 4221?
2
What is the units digit of 64470?
0
What is the units digit of 541?
1
What is the tens digit of 9238?
3
What is the tens digit of 187?
8
What is the hundreds digit of 6101?
1
What is the hundreds digit of 25626?
6
What is the tens digit of 857?
5
What is the units digit of 21463?
3
What is the tens digit of 6948?
4
What is the units digit of 620?
0
What is the hundreds digit of 8844?
8
What is the hundreds digit of 1939?
9
What is the hundreds digit of 518?
5
What is the tens digit of 48?
4
What is the hundreds digit of 36520?
5
What is the thousands digit of 10293?
0
What is the thousands digit of 17890?
7
What is the tens digit of 41226?
2
What is the units digit of 8979?
9
What is the tens digit of 1201?
0
What is the thousands digit of 44012?
4
What is the thousands digit of 2210?
2
What is the ten thousands digit of 80306?
8
What is the tens digit of 831?
3
What is the hundreds digit of 17827?
8
What is the units digit of 27970?
0
What is the units digit of 1913?
3
What is the units digit of 515?
5
What is the hundreds digit of 6367?
3
What is the tens digit of 1566?
6
What is the tens digit of 2457?
5
What is the tens digit of 6600?
0
What is the thousands digit of 5867?
5
What is the hundreds digi